{"id":58,"date":"2014-10-08T13:17:20","date_gmt":"2014-10-08T13:17:20","guid":{"rendered":"http:\/\/www.gospelbilbao.es\/?page_id=58"},"modified":"2023-08-31T11:40:47","modified_gmt":"2023-08-31T10:40:47","slug":"el-gospel","status":"publish","type":"page","link":"https:\/\/www.gospelbilbao.es\/?page_id=58","title":{"rendered":"Gospel"},"content":{"rendered":"<blockquote>\n<p>El g\u00f3spel es la m\u00fasica religiosa que surgi\u00f3 de las iglesias protestantes afroamericanas en el siglo XVIII y que se populariz\u00f3 a partir de 1930. Su denominaci\u00f3n original es G<em>odSpell<\/em>, que en castellano se traduce como <em>llamada de Dios<\/em>. Sus ra\u00edces se hunden en el <em>negro spiritual<\/em>, que entonaban los esclavos en las plantaciones sure\u00f1as de lo que hoy es Estados Unidos.<\/p>\n<p>Con sus letras, basadas en el Antiguo Testamento, los esclavos alud\u00edan entonces a su fe (adoptada de sus amos) y sufrimientos, al tiempo que, sin propon\u00e9rselo, manten\u00edan la memoria de su cultura y su tierra original.<\/p>\n<p>A partir del siglo XX los <em>spirituals<\/em> fueron cambiando de intenci\u00f3n religiosa, las letras se afirmaron en textos del Nuevo Testamento y establecieron un di\u00e1logo m\u00e1s directo con Dios. A estos cantos se los llam\u00f3 <em>gospel songs,<\/em> no porque fueran propiedad de una religi\u00f3n, sino porque se inspiraban en los Evangelios, a diferencia del antiguo <em>spiritual<\/em>, m\u00e1s personal. A partir de 1940 se traz\u00f3 una l\u00ednea conceptual que define al <em>negro spiritual<\/em> en la tradici\u00f3n folcl\u00f3rica y, al <em>g\u00f3spel<\/em>, como la expresi\u00f3n m\u00e1s moderna. Ambas corrientes conservan en com\u00fan la esperanza de vivir en la plenitud de la fe religiosa.<\/p>\n<\/blockquote>\n<p>\u00a0<\/p>\n<blockquote>\n<p><em>G\u00f3spel<\/em><em>-a da eliza protestante afro-amerikarretatik XVIII mendean agertu zena eta 1930etik aurrera zabaldu zen musika erlijiosoa. Bere jatorrizko izendapena da <\/em><em>GodSpell<\/em><em>, gaztelaniaz <\/em><em>Jainkoaren dei<\/em><em> bezala itzultzen da. Bere sustraiak hondatzen dira <\/em><em>spiritual-a beltzean<\/em><em>, esklaboek gaur Estatu Batuak denaren hegoaldeko landatzeetan bizkortzen zutenean.<\/em><\/p>\n<p><em>Bere letrekin, Testamentu Zaharrean oinarrituta, esklaboek bere fedea (bere jabeen adoptatua) eta sufrimenduak aipatzen zituzten, hura helburu hartu gabe, bere kulturaren memoria eta bere jatorrizko lurra mantentzen zituzten aldi berean.<\/em><\/p>\n<p><em>XX.mendetik aurrera <\/em><em>spirituals<\/em><em>-ak asmo erlijiosoaz aldatzen joan ziren, letrak Testamentu Berriko testuetan baieztatu ziren eta elkarrizketa zuzenekoagoa ezarri zuten Jainkoarekin.<\/em><em>\u00a0<\/em><em>Hauetara kantuak deitu zion <\/em><em>songs-a gospelari,<\/em><em> ez ezaugarria izan zitezelako erlijioko, baizik eta Ebanjelioetatik, <\/em><em>spiritual<\/em><em> zaharra ez bezala, pertsonalena, inspirazioa hartzen zutelako. 1940tik aurrera egin zen spiritual-a tradizio folklorikoko beltzera eta, <\/em><em>g\u00f3spel<\/em><em>-era, adierazpen modernoena bezala definitzen duen kontzeptu-lerroa. Bi korronteek fede erlijiosoaren osotasunean bizi izateko itxaropena mantentzen dute komunean.<\/em><\/p>\n<p>\u00a0<\/p>\n<\/blockquote>\n\n\n<figure class=\"wp-block-image size-full\"><a href=\"https:\/\/www.gospelbilbao.es\/wp-content\/uploads\/2023\/08\/Articulo2cInma2cGospel2cPRINCIPIO.jpg\"><img decoding=\"async\" loading=\"lazy\" width=\"719\" height=\"732\" src=\"https:\/\/www.gospelbilbao.es\/wp-content\/uploads\/2023\/08\/Articulo2cInma2cGospel2cPRINCIPIO.jpg\" alt=\"\" class=\"wp-image-1038\" srcset=\"https:\/\/www.gospelbilbao.es\/wp-content\/uploads\/2023\/08\/Articulo2cInma2cGospel2cPRINCIPIO.jpg 719w, https:\/\/www.gospelbilbao.es\/wp-content\/uploads\/2023\/08\/Articulo2cInma2cGospel2cPRINCIPIO-295x300.jpg 295w\" sizes=\"(max-width: 719px) 100vw, 719px\" \/><\/a><\/figure>\n","protected":false},"excerpt":{"rendered":"<p>El g\u00f3spel es la m\u00fasica religiosa que surgi\u00f3 de las iglesias protestantes afroamericanas en el siglo XVIII y que se populariz\u00f3 a partir de 1930. Su denominaci\u00f3n original es GodSpell, que en castellano se traduce como llamada de Dios. Sus ra\u00edces se hunden en el negro spiritual, que entonaban los esclavos en las plantaciones sure\u00f1as de lo que hoy es Estados Unidos. Con sus letras, basadas en el Antiguo Testamento, los esclavos alud\u00edan entonces a su fe (adoptada de sus amos) y sufrimientos, al tiempo que, sin propon\u00e9rselo, manten\u00edan la memoria de su cultura y su tierra original. A partir del siglo XX los spirituals fueron cambiando de intenci\u00f3n religiosa, las letras se afirmaron en textos del Nuevo Testamento y establecieron un di\u00e1logo m\u00e1s directo con Dios. A estos cantos se los llam\u00f3 gospel songs, no porque fueran propiedad de una religi\u00f3n, sino porque se inspiraban en los Evangelios, a diferencia del antiguo spiritual, m\u00e1s personal. A partir de 1940 se traz\u00f3 una l\u00ednea conceptual que define al negro spiritual en la tradici\u00f3n folcl\u00f3rica y, al g\u00f3spel, como la expresi\u00f3n m\u00e1s moderna. Ambas corrientes conservan en com\u00fan la esperanza de vivir en la plenitud de la fe religiosa. \u00a0 G\u00f3spel-a [&#8230;]<\/p>\n","protected":false},"author":1,"featured_media":0,"parent":0,"menu_order":0,"comment_status":"open","ping_status":"open","template":"","meta":[],"_links":{"self":[{"href":"https:\/\/www.gospelbilbao.es\/index.php?rest_route=\/wp\/v2\/pages\/58"}],"collection":[{"href":"https:\/\/www.gospelbilbao.es\/index.php?rest_route=\/wp\/v2\/pages"}],"about":[{"href":"https:\/\/www.gospelbilbao.es\/index.php?rest_route=\/wp\/v2\/types\/page"}],"author":[{"embeddable":true,"href":"https:\/\/www.gospelbilbao.es\/index.php?rest_route=\/wp\/v2\/users\/1"}],"replies":[{"embeddable":true,"href":"https:\/\/www.gospelbilbao.es\/index.php?rest_route=%2Fwp%2Fv2%2Fcomments&post=58"}],"version-history":[{"count":14,"href":"https:\/\/www.gospelbilbao.es\/index.php?rest_route=\/wp\/v2\/pages\/58\/revisions"}],"predecessor-version":[{"id":1040,"href":"https:\/\/www.gospelbilbao.es\/index.php?rest_route=\/wp\/v2\/pages\/58\/revisions\/1040"}],"wp:attachment":[{"href":"https:\/\/www.gospelbilbao.es\/index.php?rest_route=%2Fwp%2Fv2%2Fmedia&parent=58"}],"curies":[{"name":"wp","href":"https:\/\/api.w.org\/{rel}","templated":true}]}}